 = w - t. What is the tens digit of m?
1
Let m(u) = -u - 5. Let r be m(-10). Let x(n) = n**3 + 2*n**2 - 12. What is the tens digit of x(r)?
6
Let n = 78 + -70. Suppose 14 = 6*p + n. What is the tens digit of 366/(-9)*-3 + p?
2
Suppose -10*f + 41*f - 17897 = 362163. What is the ten thousands digit of f?
1
Suppose 69 = 10*c - 81. Let t be 2/3*-2*c/(-2). Suppose -t*x + 730 = -5*x. What is the tens digit of x?
4
Let h = -1 + 6. Suppose -h*s + 265 = l, 3*l - 6*s = -2*s + 871. Suppose -5*j = -l - 300. What is the tens digit of j?
1
What is the tens digit of 413696/42 - 52/(-546)?
5
Suppose 2*u = -5*u - 52*u + 200128. What is the thousands digit of u?
3
Let q = 9161 + -6253. What is the thousands digit of q?
2
Suppose 3*s - 2*s - 5*v = 80, 3*s - 184 = v. Let u = 64 - s. Suppose 101 = 2*h - h + 3*t, -u*h + 5*t = -472. What is the units digit of h?
3
Let r = -2042 - -1034. Let u = -529 - r. What is the units digit of u?
9
Suppose 5*a - 930 = 4*i, a + i - 92 = 85. Let k = a + 588. What is the hundreds digit of k?
7
Let f = 5 + -8. Let y = f + 15. Suppose 1149 = y*o + 189. What is the tens digit of o?
8
Let a = -78 - -80. Let w(f) = -f + 6. Let h be w(a). Suppose -5*v + 170 = -h*v. What is the hundreds digit of v?
1
Let y(p) = 39670*p**2 + 8. What is the ten thousands digit of y(-1)?
3
Let c = 78 + -76. Suppose c*n + 247 - 2055 = 0. Suppose -n = -5*u + u. What is the hundreds digit of u?
2
Let d(z) = 11924*z + 121. What is the units digit of d(1)?
5
Let x(u) be the second derivative of 3*u**3 - 11*u**2/2 - 15*u. Let s be x(8). Suppose 0 = -2*r + s + 79. What is the hundreds digit of r?
1
Let i be 5/5*3 + -10. What is the units digit of i*(404/(-14) + 12/3)?
4
Suppose -k = 3*s - 65018, -2*s + 233*k = 235*k - 43352. What is the hundreds digit of s?
6
Let i(o) be the second derivative of 0 + 11/6*o**3 + 1/6*o**4 - 12*o + 15/2*o**2. What is the tens digit of i(-8)?
5
Let f(z) = -16*z + 51. Let v(u) = 17*u - 49. Let o(r) = 3*f(r) + 4*v(r). What is the units digit of o(23)?
7
What is the thousands digit of 7 - 339*665/(-15)?
5
Let t = 52 - 48. Suppose 0 = t*s - 8*s - 304. What is the tens digit of (4 - 1) + -1 - s?
7
Let w(y) = 90*y + 37. Let c be w(-12). Let u = -740 - c. Let r = 438 - u. What is the tens digit of r?
3
Suppose -5*h + 20 = 0, -2*s - 3*h + 8664 = 2*s. Suppose -249 = -4*j + s. What is the tens digit of j?
0
Let n = 60 - 57. Suppose -4*s = -7*s - 6, 0 = n*c + 2*s - 569. What is the hundreds digit of c?
1
Suppose 2*k + 0 - 6 = 0. Suppose 630 = -6*h + h - 5*m, 4*h + k*m + 505 = 0. Let o = 215 + h. What is the units digit of o?
8
Suppose 14*t - 68254 - 282745 = -3*t. What is the thousands digit of t?
0
Let d = -40 + 159. Suppose -77*s = -81*s - 280. Let g = s + d. What is the tens digit of g?
4
Suppose -2*c + 4*p = -15578, 50*c - 52*c - 4*p + 15570 = 0. What is the hundreds digit of c?
7
Suppose -4*h + 13517 + 4719 = 0. What is the tens digit of h?
5
Let k = -36158 + 47980. What is the hundreds digit of k?
8
Suppose 46*y - 15*y - 1736 = 0. Suppose -4*s + y*i = 57*i - 2688, 0 = i + 4. What is the units digit of s?
3
Suppose -708*v = -718*v + 70570. What is the units digit of v?
7
Let z(c) = 301 + 28*c + 45*c**2 - 65*c - 400. What is the units digit of z(-3)?
7
Let i be (4 - 28/6)*-6*3. Suppose i*v = 44*v - 14208. What is the hundreds digit of v?
4
Let a(z) = 12*z - 2. Let y be a(4). Let g = y + 74. Let w = g + 4. What is the units digit of w?
4
Let s = 128 - 125. Let p(a) = 39*a**3 + a**2 - 2*a - 1 - 203*a**3 + 0*a + s*a. What is the hundreds digit of p(-1)?
1
Let b(i) be the third derivative of i**5/12 - 5*i**4/24 + i**3/3 - i**2. Let r = 475 - 471. What is the tens digit of b(r)?
6
Let j be 3/(-21) + (17540/35 - -1). Suppose 2*k - j = 2172. What is the units digit of k?
7
What is the ten thousands digit of 36114 - (16 - -424)/(-22)?
3
Suppose 10*r = 12*r - 4. Suppose -3*k = -2 - 4. Suppose q - k*p = -0*q + 55, 263 = 5*q + r*p. What is the units digit of q?
3
Suppose -11*d + 142 + 2091 = 0. Suppose -197*c = -d*c + 4410. What is the tens digit of c?
3
Suppose -224744 = -36*j + 49668 + 41452. What is the units digit of j?
4
What is the ten thousands digit of (-685098)/(-22) + 1/11*(-63 + 65)?
3
Suppose 3*k = 3*p - 15753, 98*k = 4*p + 95*k - 21000. What is the hundreds digit of p?
2
Let h = -1683 - -7125. What is the units digit of h?
2
Let l(j) be the second derivative of j**5/10 + j**3/2 + 3*j**2/2 + 27*j. Let a be l(-2). Let s = a - -104. What is the tens digit of s?
8
Suppose -3*n - 2*f = 1, 6*f + 2 = -4*n + 3*f. Let s = 2 + -8. What is the units digit of ((-2)/s)/(n/177)?
9
Let j = 18 + -9. Let h be (-8)/6 - 8484/(-18). What is the tens digit of (-6)/27 + h/j?
5
Let i = 1267 + -787. Suppose -2*q + i = -2*m, -5*m - 1807 = -4*q - 609. Let v = m + 338. What is the tens digit of v?
0
Let s = -101 + 263. Suppose -s*k = -165*k + 360. Suppose 519 - k = 3*u. What is the tens digit of u?
3
Let u(y) be the first derivative of -y**4/4 - 7*y**3/3 + 5*y**2 - 69*y - 156. What is the tens digit of u(-12)?
3
Let c = -17263 - -35843. What is the thousands digit of c?
8
Let x be (3 - 3)/(-7) - 0. Suppose x = 6*l + 759 - 2307. What is the tens digit of l?
5
Suppose 328559 = -138*y + 341279 + 1061748. What is the units digit of y?
6
Let t(s) = -s**3 - 11*s**2 - 8*s + 49. Let y(w) = 9*w**3 + w**2 + 4*w + 2. Let p be y(-1). Let d be t(p). Let f = d - -31. What is the tens digit of f?
6
Suppose 3*s + 4*s = 1694. Let j = s + -198. What is the units digit of j?
4
Suppose -3*y - b = -4*y + 46, -3*y + 120 = 3*b. Let w(t) = -10*t + 82 - y*t - 158 + 77. What is the hundreds digit of w(-4)?
2
Let h be (6/3)/6 + (-150683)/(-39). Suppose d = 9*d - h. What is the hundreds digit of d?
4
Suppose 5*b - 13*c - 32984 = -11*c, -4*c - 6604 = -b. What is the tens digit of b?
9
Let y(d) = -133*d + 4. Let m be y(-3). Let n = 785 - m. What is the hundreds digit of n?
3
Suppose 15873819 = 615*x - 424*x. What is the ten thousands digit of x?
8
Suppose -1 = 3*j - 16. Let r = -13 + -38. What is the tens digit of (0/j)/2 - r?
5
Suppose -2201*n + 2200*n = -12. Let f = -8 - -18. Let d = f + n. What is the units digit of d?
2
Let y be -6*(65/10 - 7). What is the units digit of ((-4)/y + 1)*-2934?
8
What is the units digit of (112/16)/(-1*(-4)/4436)?
3
Suppose -4*s - 26 + 6 = -4*h, -2*s = -3*h + 13. Suppose 4*c + r - 200 = -4*r, h*c = 3*r + 177. Suppose c - 196 = -f. What is the hundreds digit of f?
1
Let f = 1 + 3. Let l be (1 - 20/f)*7. What is the tens digit of 25/1 + l + 28?
2
Let k be ((-18)/((-24)/4))/((-9)/4578). Let u = k - -2640. What is the units digit of u?
4
Let s be 1/(-8) - (-80731)/152. Let n = -282 + s. Suppose 0 = -4*j - 93 + n. What is the tens digit of j?
3
Let v(i) = 21*i**2 + 43*i - 323. What is the thousands digit of v(9)?
1
Let r(m) = m**3 + 25*m**2 + 49*m + 67. Let x be r(-23). Let k(z) = -362*z + 11. What is the units digit of k(x)?
5
Let d = 0 + 1. Let j = 11523 - 11490. What is the units digit of -1 - (-4 - j)/d?
6
Let m be 2 + -7 + (-2 - -5). Let q be -4 - -3 - 10/m. Suppose -q*t + 3*a + 364 = 0, 4*t - a + 286 = 7*t. What is the units digit of t?
4
Suppose -17*d + 5 = -16*d. Let p be (11 + (-20)/d)*12. Suppose i = p - 5. What is the units digit of i?
9
Suppose 5*u = 7 + 8. Let i be 1/u*(-21 + 30). Suppose n + 2*s = -i*n + 706, 3*n - 533 = -5*s. What is the tens digit of n?
7
Let g be ((-24)/(-6) + -5)*127*-1. Let c = g - -112. What is the tens digit of c?
3
Let y(c) = 6 - 192*c**2 + 24*c**3 + 0*c**3 + 13*c + 187*c**2. What is the tens digit of y(3)?
4
Let u(w) = 2*w**2 - 2 - 99*w**3 - 52*w**3 + 2*w + 15 + 11*w. What is the units digit of u(-2)?
3
Suppose 0 = 5*o, 6 = -z - 4*o + 1. Let q(i) = -i**2 - 6*i. Let p be q(z). Let s = p + 32. What is the tens digit of s?
3
What is the tens digit of 136422/848 - (-3)/(25 + -1)?
6
Suppose 27*c - 70213 = 118328. What is the thousands digit of c?
6
Let l(r) = -3*r**3 + 7*r**2 - 79*r + 76. What is the thousands digit of l(-12)?
7
Suppose 4*p - 25*b - 2215 = -20*b, 0 = b + 7. What is the units digit of p?
5
Let z(q) = -23*q**3 + 18*q**2 + 24*q + 114. What is the thousands digit of z(-6)?
5
Let b = 127 + -7. What is the units digit of b?
0
Let v be 1/(-2) - (-9 + 13/2). Suppose -3*x = -4*a + 654, 3*a + v*x + 3*x = 476. What is the 